 (-9927)/(-5). Is (-1 + -1)/((-10)/y) composite?
False
Suppose -26 = 2*b - 5*v + 87, 0 = 2*b + 5*v + 83. Suppose 8*r - 11*r = -342. Let u = r + b. Is u prime?
False
Let x be 9/(-15)*-1 - 7/(-5). Let g(q) = 102*q**2 + 3*q - 1. Is g(x) composite?
True
Suppose 5*c + 4*l - 11591 = 2*c, -4*l = 2*c - 7722. Is c prime?
False
Let t = 18678 - 10759. Is t a composite number?
False
Suppose y - 3*y - 1542 = 0. Let k = -1241 - y. Let t = 805 + k. Is t a composite number?
True
Let o = -10 - -18. Is o/(-84) - 111415/(-105) composite?
False
Suppose 4*p + 4*r = 8988, -2*r + 6*r - 4502 = -2*p. Is p a prime number?
True
Suppose 93*p - 78*p = 117015. Is p a prime number?
False
Suppose -3*y + 12 = -y - 2*u, 0 = -2*y - 3*u - 8. Suppose -y*k = -0*k - x - 581, -2*k + 3*x + 587 = 0. Is k composite?
True
Suppose -3*p + 11*a + 28923 = 9*a, 3*p + 3*a - 28923 = 0. Is p a composite number?
True
Let x = 322 - 801. Let k = 1042 + x. Is k a composite number?
False
Let g(k) = -k - 4. Let h be g(-6). Suppose -h*d - 68 = -1054. Is d a composite number?
True
Is 113750/30 - (15/9 + -3) composite?
False
Let g(x) = 4*x**3 - 3*x**2 - 8. Suppose 2*j = -2*j + 20. Is g(j) a composite number?
True
Let j(f) = 24*f**2 + 3*f + 52. Is j(-13) a composite number?
True
Let d be 0 - 0 - (-699)/3. Let p = d - 158. Suppose -41 = -o - j + 39, 0 = o + 2*j - p. Is o a prime number?
False
Let f(l) = 12*l**2 + 15*l - 9. Suppose 3 = 2*a + 25. Let h be f(a). Let j = h + -721. Is j prime?
True
Let h(l) = -l - 5. Let p be h(-3). Let t(b) = -4 - 2*b - 4 + 16*b**2 + 5 + 3*b**2. Is t(p) a composite number?
True
Let d(l) be the second derivative of l**4/6 - 5*l**3/3 + l**2/2 + 3*l. Let b(c) = c - 4. Let v be b(-6). Is d(v) a composite number?
True
Is ((-3370)/(-8))/(16/64) prime?
False
Suppose 0 = 4*c - 4*g - 23400, c - g + 4*g - 5870 = 0. Is c composite?
True
Let g(t) = -11*t**3 + 3*t**2 - 3*t + 4. Suppose 44 = 4*b + 3*o, 31 + 9 = 4*b + 2*o. Let v be 20/b*6/(-5). Is g(v) composite?
False
Let s(k) = -1495*k + 729. Is s(-10) a prime number?
True
Let q = -69 + 72. Suppose -u - q*t + 946 = 0, -943 = -u - 3*t + t. Is u a prime number?
True
Suppose 4*n = i - 15, -n = -7*i + 4*i + 12. Let h be (-1 - n)/(12/18). Suppose -h*t = -0*t - 201. Is t a prime number?
True
Let v(c) = 97*c**2 - 9*c - 54. Is v(13) a prime number?
False
Suppose -p + 25 + 44 = d, -2*d + 204 = 3*p. Suppose -g + 538 = 5*j + p, 4*j = -4*g + 368. Is j a composite number?
True
Suppose 0 = 2*n - 8 - 4. Let a = -107 - -1661. Is (a/(-9))/((-4)/n) a composite number?
True
Is -5 + 4078*(8 - 7) a composite number?
False
Suppose 3*k = 130 + 20. Suppose -3*d = 4*l - k, 2*l = 1 + 9. Suppose -15 = -2*z + 5*c + 5, z + 2*c = d. Is z a composite number?
True
Let v(n) = 1603*n - 127. Is v(6) composite?
False
Suppose -x + 29490 = 5*p - 44849, 74355 = 5*p + 5*x. Is p composite?
False
Let j = 151 + -441. Let i = 227 - j. Is i prime?
False
Let y(h) = h**3 - 23*h**2 + 21*h + 30. Let i be y(22). Suppose -i*o = -272 - 920. Is o prime?
True
Let s be 270/(-14) + (-4)/(-14). Is 11*(0 - s) - -2 prime?
True
Let d be (-248)/12*9/2. Suppose 267 = -7*f - 139. Let s = f - d. Is s a prime number?
False
Let r be (-7173)/(-6)*4/6. Suppose 2*q - 4*g = -0*g + 1124, -2*q - 3*g + 1124 = 0. Let m = r - q. Is m a prime number?
False
Suppose 0 = 5*z - 295 - 645. Suppose -3*q = -c - z + 565, -2*c + q = -754. Is c a prime number?
False
Let t = 105 + -99. Suppose -4*n = -3*v + 6561, 0 = -11*n + 13*n - t. Is v a prime number?
False
Let s(y) = y**3 + 6*y**2 - 9*y + 2. Let l(w) = -w**2 - 8*w + 2. Let h be l(-9). Let n be s(h). Is -3 - n*27/(-6) prime?
False
Suppose 21 = 2*i + 1. Let t(g) = 4*g**2 - 8*g - 6. Let x be t(i). Let m = 567 - x. Is m composite?
True
Is 676 + -1 - ((-8)/(-2) + -2) composite?
False
Is 2927/1 + 8 + (-15 - -7) a composite number?
False
Let n(d) be the second derivative of d**7/840 - d**6/180 + 7*d**5/60 - 3*d**4/4 - 3*d. Let o(x) be the third derivative of n(x). Is o(-9) prime?
True
Let b = 8721 - 4100. Is b a prime number?
True
Let m be (2 - 6)/(2/(-37)). Let i = m + -68. Is i a prime number?
False
Suppose 5*b + 0*b = 0. Suppose b = -5*a - k - k, -k = -a. Suppose -9*q + 14*q - 805 = a. Is q prime?
False
Suppose 0*y + 31 = 2*v - 5*y, 4 = 3*v + y. Suppose 2*p + 4 = 0, 5*h + v*p = -0*p + 719. Suppose -h = -0*t - t. Is t composite?
True
Let v(c) be the first derivative of 701*c**3/3 + c + 9. Let y be v(-1). Suppose -g - y = -4*g - t, 0 = 5*g + t - 1168. Is g prime?
True
Suppose 5760 + 29052 = 9*x. Suppose 2*g - x = -2*q, 3*q + 5781 = 3*g - q. Is g composite?
False
Let r = -14 + 26. Let q = 102 - r. Suppose -12 = -z - 2*p - p, -4*z + q = -2*p. Is z a composite number?
True
Suppose 6*h = 8*h - 1048. Suppose -9*l + 7*l + h = 0. Is l prime?
False
Suppose 0 = 4*r + 20, 2*u - 3*r - 2*r + 613 = 0. Let b = u + 2390. Is b prime?
False
Suppose -218 = 2*q - 1444. Is q a composite number?
False
Let v(o) = o**2 + 7*o - 16. Suppose r - 14 + 6 = 0. Let n be v(r). Let l = n + -66. Is l a prime number?
False
Let l(z) = 4*z**2 + 18*z + 9. Let j = -58 + 66. Is l(j) a prime number?
True
Is (8/(112/21))/((-9)/(-292278)) a composite number?
True
Let l(i) = 1083*i**2 + 4. Is l(-1) a prime number?
True
Let m(q) = -315*q**3 - 4*q**2 - 10*q + 2. Is m(-3) a composite number?
False
Let s(q) = 12*q**2 + 15*q - 44. Is s(13) a prime number?
True
Let a be ((-1)/2)/(15/(-30)). Let q(h) = 3 + 8*h**2 - h - a - h - 1. Is q(-5) composite?
False
Let a(c) = c**3 + 4*c**2 + 4*c + 3. Let h be a(-2). Suppose 0*m + h*m + 48 = 4*o, 2*o = 4*m + 24. Let k = o + 25. Is k a prime number?
True
Let w(t) = -t**3 - 3*t**2 - 3*t - 1. Let r be w(-3). Suppose -r = -2*b - 0*b. Suppose -l = -b*l + 285. Is l prime?
False
Let n(v) = 127*v**2 - 4*v + 1. Is n(-2) prime?
False
Suppose 116 = 2*h - 0*h + 2*r, 287 = 5*h + 4*r. Suppose h = -3*d - 194. Let m = 138 + d. Is m composite?
True
Let b(y) = 6*y**2 - y - 39. Is b(-14) a composite number?
False
Let k = 21 + -19. Suppose -2*j + 1780 = k*j. Is j prime?
False
Let l be 1*1/1*-1. Suppose 4*i + 5*m = 8, 3*m = 2*i + 8*m - 14. Is l - i/(9/636) a composite number?
False
Let r be 3/12 + 1255/20. Suppose -128 = -z + r. Is z a prime number?
True
Is 6 - 7/((-3984)/(-1329) + -3) a prime number?
False
Suppose g + 20 = -4*p - 3*g, -p + 5*g + 25 = 0. Suppose p*i = -3*i + 78. Let k = i - 19. Is k composite?
False
Let z(h) = 23*h - 9. Let v be ((-8)/6)/((-6)/9). Suppose 5*c = 2*a - 32, -3*a - 3*c + v + 4 = 0. Is z(a) prime?
False
Let n(d) = -234*d**3 + d. Suppose 3*g - 2*g - 2 = 0. Let s be (1/g)/((-1)/2). Is n(s) a prime number?
True
Let r(c) = -98*c + 49*c + 54*c + 28*c**2 - 2. Is r(-5) a composite number?
False
Let k be 1/2 - 66/(-12). Let s(x) = 2*x**3 + 3*x**2 - 10*x + 1. Is s(k) prime?
False
Suppose 0 = 7*w - 2*w + 4*v + 14, -8 = 2*w + v. Let b(r) be the third derivative of r**5/10 + 5*r**3/6 + r**2. Is b(w) a prime number?
False
Is (-7)/(14/(-4))*6865/10 prime?
True
Suppose 10*i - 43062 = 7*i. Is i a prime number?
False
Let u(k) = -2*k + 19. Let v be u(12). Let p = -8 - v. Is 327/(-9)*1*p prime?
True
Let z(v) = -64*v**3 - 3*v**2 - 3*v - 5. Suppose -5*p - 14 = -4*g + 12, 4*p - 5*g = -28. Is z(p) prime?
False
Let w = 6 - 4. Suppose -6 = -w*b - 5*k, 3*b + 2*b - k = 15. Suppose b*f + 1156 + 1032 = 4*v, -2*f = -5*v + 2735. Is v composite?
False
Suppose 462033 = 12*n - 418971. Is n composite?
False
Let b = 14 + -20. Is ((-276)/(-10))/(b/30*-2) prime?
False
Let j be (3 - -3) + -3 + 1. Suppose 45 = j*z + z. Is ((-21)/z + 2)*-393 prime?
True
Let i = -11 - -15. Suppose -2*z - 5*t = -25 - 38, 0 = -i*z + 2*t + 66. Suppose -284 = -k - z. Is k a composite number?
True
Let n = 2153 + -3927. Is 6/4 - n/4 prime?
False
Suppose -2*m - o + 8249 = 2*o, 5*m = 4*o + 20634. Is m prime?
False
Let f(u) = -u**3 - 3*u**2 + 1. Let n be f(-2). Let c be 42/9 + (-1)/n. Suppose -c*x = -2*x - 2595. Is x a prime number?
False
Is (26/78)/((-2)/(-15474)) a composite number?
False
Let h be (-6)/(-14) + 3/(-7). Suppose h = 4*t - 5*v - 2938, -4*t - 33 = 2*v - 2985. Is t prime?
False
Let u(v) = 5 + 5*v**3 - 3*v**2 + v**3 + 2 + 3*v. Let s be u(-5). Let a = 1512 + s. Is a composite?
True
Let m = -75 - -93. Suppose 5036 = 22*f - m*f. Is f prime?
True
Let y(n) = -22*n**3 + 13*n**2 - 18*n - 175. Is y(-14) a composite number?
True
Let s 